osite?
True
Suppose 0 = -18*m + 23*m - 20. Suppose -598 - 2022 = -m*g. Is g a prime number?
False
Suppose 8*f - 71 = 5601. Let n = 1654 + f. Let d = n + -1314. Is d composite?
False
Suppose 3*u - 1435 = 4*u. Let c = -758 - u. Is c prime?
True
Let j = 1912 - 971. Let y = j - 310. Is y a composite number?
False
Suppose b + 16106 = y + 3*b, 2*b = 3*y - 48326. Suppose -2323 = -7*x + y. Is x a composite number?
False
Suppose 3*s + g = 3114, 5*s = -0*g + g + 5198. Is s prime?
True
Is 25/30 - (-49852)/24 a composite number?
True
Is (-20591)/(-10) + (-20)/200 prime?
False
Let a = -100 + 155. Is 1234/10 + (-22)/a prime?
False
Let f = -35 + 40. Suppose -p + 1735 = f*u, -u - 3*u + 1388 = -4*p. Is u composite?
False
Let h(m) = -m**3 + 6*m**2 + 24*m - 1. Let z be h(8). Let n = z - -190. Is n a composite number?
True
Suppose -129*q + 102354 = -123*q. Is q a composite number?
True
Suppose 2*m + p = 1811, 0*m - m + 3*p + 909 = 0. Suppose m = i - 7. Is i a prime number?
False
Let m(i) = 2*i**2 + 2*i - 1. Let o be m(-2). Suppose -o*p = -6 - 0. Suppose p*k = -6 + 28. Is k a prime number?
True
Let k be 1 + 1 - (9 - 13). Let x be ((-14)/k)/((-1)/3). Suppose x*i = 2*i + 2455. Is i prime?
True
Let m = 5688 - 3828. Let b = 595 - m. Let c = -870 - b. Is c composite?
True
Suppose -22*r = -11*r - 1397. Is r a prime number?
True
Let u = -46 - -45. Is -41*(-7 + u - (1 - -2)) prime?
False
Let u be ((-4)/9)/((-4)/18). Let o be 2 - 4*(3 - u). Is (-14063)/(-21) - o/(-3) prime?
False
Let u be 4*(15/(-20) - -1). Let p be 6/(-3) - (u + -3). Suppose -o + 4*o - 489 = p. Is o a composite number?
False
Suppose 0 = -d - 3*d + 252. Let o be (-2030)/18 - 14/d. Let z = -74 - o. Is z a composite number?
True
Let g(o) = 68*o**2 + 2*o + 1. Let b(a) = -a**3 + 14*a**2 + 16*a - 16. Let y be b(15). Is g(y) prime?
True
Let m(y) = y**2 - 3*y + 4. Let l be m(3). Suppose l*u + 4 = 6*u. Is (2/(-4))/(u/(-436)) composite?
False
Is ((-8)/6)/(2/(-31998)*4) a prime number?
True
Let l(r) = r**2 - 5*r - 3. Let g be l(7). Let b = -8 + g. Suppose 3*j - 17 = -2*j + 2*c, -j - b*c = 0. Is j a prime number?
True
Let b(z) = 28*z + 3. Let a(d) = -57*d - 7. Let k(l) = 3*a(l) + 5*b(l). Is k(-7) a prime number?
True
Suppose y = 656 + 3297. Is y a prime number?
False
Let j(o) = -37*o**2 + 10*o - 2 + 19*o**2 + 17*o**2. Is j(9) a composite number?
False
Is (-4)/(-34) + (-2247168)/(-238) a prime number?
False
Suppose 0 = 5*b + 4*x + 7148, x - 3060 = 2*b - 193. Let p = b + 3135. Is p composite?
True
Suppose h = 486 + 268. Let u = h - 304. Suppose -5*m - 5 = -u. Is m a prime number?
True
Suppose -4*c + 26087 = -f - 4*f, -2*c - f + 13047 = 0. Is c a prime number?
False
Let h = -7 + 134. Is h a prime number?
True
Suppose -2 = -2*q + 2. Suppose -2*u + 3*d - 1 = -219, q*u - 218 = -2*d. Is u composite?
False
Let x(a) = -13*a + 19. Suppose -9*f + 9 = -6*f. Suppose f*l + 18 = -0*l. Is x(l) composite?
False
Let l(o) = o**2 - 5*o + 1. Suppose 0 = 5*n - 70 - 10. Suppose 46 - n = -5*y. Is l(y) composite?
False
Suppose -23*s + 43729 = 15416. Is s prime?
True
Suppose 5133 = 3*v - 63*l + 62*l, -v - 4*l = -1711. Is v a prime number?
False
Suppose z - 5*u - 232 - 262 = 0, 3*u = -z + 470. Is z a prime number?
True
Suppose 3*z + 2*d = 8098 + 5013, 3*d - 21850 = -5*z. Is z a prime number?
False
Let s(p) = 96*p**2 + p - 2. Is s(3) a prime number?
False
Let r(f) = -2*f + 16. Suppose -2*y + 5*v + 0*v + 8 = 0, 6 = -4*y - v. Let a be (5 + 4)*y*1. Is r(a) a composite number?
True
Let i(q) = -q**3 + 4*q**2 - 4*q + 5. Let b be i(3). Suppose -b*h - 8 + 2 = 0. Is 76 - ((1 - -1) + h) composite?
True
Let s be -638*3/(-15)*5. Suppose -7*a = -5*a - 2*g - s, 0 = 4*a - 3*g - 1274. Is a a composite number?
False
Let g = -256 + 347. Is g composite?
True
Let f be -4*(0 - (-3)/(-6)). Suppose 10 = 3*q + f*q. Suppose -r + 3*z = -z - 25, 2*z + 68 = q*r. Is r a composite number?
False
Let f(v) = 15*v**2 + 64*v - 80. Is f(-27) prime?
True
Let f be 14/4*8/7. Suppose f*q = 7*q + 348. Let h = q + 199. Is h prime?
True
Let z be (0 - (-12)/3) + -1195. Let c = -809 - z. Is c*2/20*5 a composite number?
False
Suppose -3715 = -3*f + 4514. Is f a prime number?
False
Suppose -9*w + 16 = -56. Is ((-2940)/w - 4)*-2 prime?
True
Suppose 0 = -0*f - 6*f. Suppose 4*u + f*u = 4*c + 24, -u - 2*c = 0. Is 476 + (-4)/4 + u composite?
False
Suppose -6*l + 2*l = 0. Is (l + (-765 - 4))*-1 composite?
False
Suppose -1678 + 626 = 3*h + 2*z, 0 = h - 5*z + 379. Let x = 155 - h. Is x prime?
True
Is 12 + -11 + 4 + 2 + 21696 composite?
True
Let z = 14 - 32. Let q = 16 + z. Is (-1)/((q/127)/2) a prime number?
True
Suppose 3*c - 5*x - 364 = 0, 3*x - 372 = -2*c - c. Suppose -5*r - 79 = -19. Let d = r + c. Is d a prime number?
False
Suppose 1 = 4*i + 33. Let l be ((-16)/12)/(i/18). Is ((-9)/l)/6*-178 a prime number?
True
Let w be ((-50140)/(-15))/((-14)/(-21)). Suppose 15*l = w + 2801. Is l a composite number?
False
Let u be 6/(-18)*1*-843. Suppose -2*g + 164 + 47 = 3*s, -3*g = 4*s - u. Is s a composite number?
False
Let f(m) = -20*m**3 - 20*m**2 + 14*m - 58. Is f(-12) prime?
False
Let h(j) = 890*j**2 - 900*j**2 + 4 + 2*j + 2*j**3 - 5*j. Let b(k) = 8*k**3 - k**2 - k + 1. Let q be b(1). Is h(q) composite?
False
Let m = 33 + 1148. Is m prime?
True
Let l(p) = 4*p**3 - 101*p**2 + 59*p - 43. Is l(30) a composite number?
True
Suppose -2*p - 1945 = 3*p. Let u be 6/(-9) - 2570/(-3). Let b = p + u. Is b a prime number?
True
Suppose -13*r + 5169 = -11653. Is r a prime number?
False
Is -1*(-5 - (10 - -4288)) prime?
False
Suppose 5*b + 4*o - 2520 = 0, 2555 = 5*b + 5*o - 8*o. Let v(t) = t**3 - 5*t**2 + 3*t - 4. Let m be v(4). Is b/8*m/(-4) a prime number?
True
Is 3037 + 0/(12/(-4)) prime?
True
Suppose 23*g = 20*g + 6. Is (g/1)/((-32)/(-51248)) a prime number?
True
Suppose -4*z - 12066 = -3*i, -2*i + z + 20110 = 3*i. Is i prime?
False
Let s(k) = -8 - 19*k + 28*k - 5 + 32*k. Is s(12) prime?
True
Let j = -9 + 12. Is (-1 - -2) + 187 + (-9)/j a composite number?
True
Suppose -41*t = -38*t. Suppose -a - 5*s = 11, -4*s + 22 = 3*a - t*a. Is a prime?
False
Let t be 2/9 - 152/36. Let n(o) = 85*o**2 + o + 5. Is n(t) composite?
False
Let y = -487 + 4320. Is y composite?
False
Suppose 5*y - 177204 = 99511. Is y composite?
False
Is (-3)/27 + ((-355768)/(-63))/1 prime?
True
Suppose -31*m + 69*m - 518434 = 0. Is m a composite number?
True
Suppose 3*q - 4*t - 63 = t, 2*q = 4*t + 40. Let c = q + 8. Is c a prime number?
False
Let c(t) = 3*t + 12*t**2 + 5 - 3*t**2 - 4. Let g(x) = -x**2 + 3*x + 5. Let s be g(5). Is c(s) prime?
True
Let o = 16 + 32. Suppose -14 = n - o. Is n composite?
True
Suppose -4*h - 3 = 2*p + 9, 3*p - 3*h = 9. Suppose -2674 = -p*u - 2*u. Is u a prime number?
False
Suppose 2*f + 14504 = -4*z + 6*z, -3*z - 3*f = -21750. Suppose -a = -2*d + 4830, -5*d + 3*a + z = -2*d. Is d prime?
False
Is -1*(-6)/(-4) + (-2045528)/(-368) a composite number?
False
Let g be 975/1 + (0 - -3). Let r be (g/6)/((-2)/(-2)). Let q = r - 80. Is q a prime number?
True
Let x = -78 - -102. Suppose -x*a = -31*a + 4417. Is a a prime number?
True
Let u be 26*(-404)/32*-8. Let c = -1265 + u. Is c a prime number?
True
Suppose 5*d = 10, 5*n - 6*d - 122197 = -7*d. Is n a composite number?
False
Let z = 1948 - 153. Let f = z + -1050. Is f prime?
False
Suppose -4*p + 146686 = j, 5*p - j + 59364 - 242717 = 0. Is p a prime number?
True
Let z(d) = d**3 - 8*d**2 + 4*d + 4. Let c(v) = -3*v**3 + 23*v**2 - 12*v - 11. Let h(b) = -3*c(b) - 8*z(b). Is h(7) composite?
False
Let t(j) = 2*j**3 + 2*j**2 + 6*j - 1. Let b = -29 + 32. Is t(b) composite?
False
Let l(t) = 5*t**2 - 1. Let j(c) = -c**3 - c**2 - 2*c - 1. Let v be j(-1). Let n be l(v). Is ((-2)/(-4))/(n/2312) a prime number?
False
Let j be (-3)/2*(-30)/9. Suppose -j*u + 134 = -51. Let x = -16 + u. Is x composite?
True
Let m be (0/(-4))/(-4) - -2904. Suppose -5*q = 3*p - m, 4*q + 3855 = 4*p + 5*q. Suppose 5*s = -2*i + p, 58 = 3*s - 2*i - 507. Is s prime?
True
Suppose -4*i = 12*y - 11*y - 44, 0 = -i. Let p be (1/1)/((-1)/25). Let z = p + y. Is z a composite number?
False
Let t(z) = -2*z**3 - 10*z**2 - 5*z + 6. Let h be t(-8). Suppose -5*b + h = -3*b. Let d = b + -109. Is d prime?
False
Let u(v) = -14*v**2 + 41*v + 15. Let l(q) = 5*q**2 - 14*q - 5. Let h(j) = -17*l(j) - 6*u(j). Let s be h(-6). Let w = s - 1